2). What is the remainder when 70 is divided by (-2)/45*-402 - h/15?
16
Suppose 151*j + 28 = 152*j. Calculate the remainder when 138 is divided by j.
26
Let t = 18 - 14. Calculate the remainder when 19 is divided by 111/21 - t/14.
4
Let k(g) = g**3 + 7*g**2 - 7*g + 11. Let x be k(-8). Let q be (1 - 2)/(x/(-3)). Suppose 32 = p + q. Calculate the remainder when 61 is divided by p.
30
Suppose 2304 = 123*o - 105*o. Calculate the remainder when o is divided by 26.
24
Suppose 3*m = 76 - 13. What is the remainder when 19 is divided by -22*(m/(-6) - -3)?
8
Let y(l) = 3*l**3 - 3*l**2 + 3*l + 4. Suppose 167*h = 161*h - 1620. Let n = 294 + h. Calculate the remainder when y(3) is divided by n.
19
Suppose -3*b = 5*s - 17, -2*s = 3*s + b - 19. Suppose -s*w - 2*f + 42 = -14, -3*f = 3*w - 48. What is the remainder when 46 is divided by w?
10
Let i(w) be the second derivative of 5*w**4/12 - w**3/2 + w. Let y = 264 + -262. Calculate the remainder when i(y) is divided by 8.
6
Suppose -14*o = -4*f - 10*o + 9112, -2*f = -4*o - 4560. Calculate the remainder when f is divided by 67.
65
Suppose -110 - 37 = -z. What is the remainder when z is divided by 19?
14
Let s(q) = 3*q**2 + 92*q - 26. Calculate the remainder when 14 is divided by s(-31).
4
Let m(d) = -d**3 - 13*d**2 + 16*d - 35. What is the remainder when m(-15) is divided by 37?
27
Suppose b + 4*b = -4*z + 37, -b + 14 = 3*z. Suppose -40 = -z*i + i. Calculate the remainder when (79/3)/((-2)/(-6)) is divided by i.
19
Let g be -7*(0 + 1)*2. Let z = 48 + -22. What is the remainder when z is divided by (-4)/g - 576/(-42)?
12
Suppose -f - 3*i + 13 = 0, -3*i + 6 = -0. Suppose 67*j - 64*j = 5*a - 197, -3*a + 4*j + 116 = 0. Calculate the remainder when a is divided by f.
5
Suppose v = -4*y + 9, 3*v - 53 = -3*y - 17. Suppose -3*k = 5*o - 40, k + o + 4*o - 20 = 0. Let l = k + -6. What is the remainder when v is divided by l?
1
Let k = 1748 - 1725. Calculate the remainder when -2 + 0 - (-42)/1 is divided by k.
17
Let c(u) = -17*u - 248. Calculate the remainder when c(-17) is divided by 21.
20
Let h(m) = -m**2 + 4 - m - 2*m - 4*m - 7*m. Calculate the remainder when h(-8) is divided by 14.
10
Let g = -8 - 108. Let i(r) = -13*r**2 - r + 4. Let p be i(4). Let d = g - p. Calculate the remainder when d is divided by 19.
16
Let y(n) = -n**2 + 11*n - 7. Let w be y(7). Suppose 34*c - 168 = 40*c. Calculate the remainder when ((-4)/c)/(3/w) is divided by 1.
0
Let c = -21 + 56. What is the remainder when c is divided by 476/5474 - 228/(-23)?
5
Let c = 28 - 23. Suppose -2*y + 3 + 20 = q, -2*q + 73 = -5*y. Calculate the remainder when q is divided by c.
4
Let r(j) = 3*j - 5. Calculate the remainder when r(7) is divided by (-1 - -21)/(86/43).
6
Suppose -12 = -2*i + a, a + 0*a = -4. Let u be 1616/(-144) + i/18. Let t = u + 18. What is the remainder when 32 is divided by t?
4
Suppose 2*c + m + 93 = 7*c, -2*m = 5*c - 84. Let l(w) = 12*w + 10. What is the remainder when l(2) is divided by c?
16
Suppose 8*b = -3*b + 616. Calculate the remainder when (0 + 24)*322/b is divided by 48.
42
Let y(w) = -6*w + 1. Let z be (1 + 0)/(4/32). Let u = 5 - z. What is the remainder when y(u) is divided by 7?
5
Suppose 0 = -5*o + 181 + 119. Let k = -494 - -510. What is the remainder when o is divided by k?
12
Let t(b) = -b**2 - 12*b - 23. Let x be t(-5). Suppose 3*i - x = j + 53, 0 = -2*i - 3*j + 36. Calculate the remainder when i is divided by 12.
9
Let r(k) = 7*k**2 - 3*k + 1. Suppose a - 7 = -5*w + 3, 4*a = 0. What is the remainder when r(w) is divided by (-1)/((-10)/8)*-5*-2?
7
Suppose -4*s + 286 = c, 0*s + 74 = s - c. Suppose 4*r - 5*p + 95 = 0, 3*r - 5*p = -2*p - s. Let z = -13 - r. Calculate the remainder when 33 is divided by z.
9
Let h(w) be the third derivative of -w**4/12 + 13*w**3/3 + 2*w**2. Let t be h(11). Suppose -t*v + 410 = v. Calculate the remainder when v is divided by 21.
19
Suppose 4*s + 5*r - 13 - 158 = 0, 5*s + 3*r = 204. What is the remainder when 99 is divided by s?
21
Let d(s) = -s**3 + 9*s**2 - 7*s - 6. Let u be d(8). Suppose 5*z - u*a - a = 7, -4*a - 4 = -4*z. What is the remainder when 33 is divided by (-327)/(-18) - z/12?
15
Suppose 2*w + 2*w - 56 = 0. What is the remainder when w is divided by 13?
1
Calculate the remainder when ((-568)/1)/(-1*(18 - 16)) is divided by 60.
44
Let w = 7 - 84. Let z = -25 - w. What is the remainder when z is divided by 9?
7
Let m(i) = -i**3 - 8*i**2 - 3*i - 7. Let l be (-4)/(-18) + 222/(-27). What is the remainder when 1/7 + ((-1228)/(-28) - -4) is divided by m(l)?
14
Suppose -268 = -7*t + 3*t. Let o = t + -47. Calculate the remainder when 77 is divided by o.
17
Let o be (-8)/12*(-26 - -2). Suppose 0 = 5*s - o - 9. Suppose -5*r + s*y + 8 = -3*r, -20 = -2*r - y. Calculate the remainder when 16 is divided by r.
7
Suppose v - 240 = -4*v. Suppose 4*p = p + v. Suppose 0 = 6*h - 2*h + u - 24, 3 = 3*h - 3*u. Calculate the remainder when p is divided by h.
1
Let o(q) be the first derivative of q**4/4 - q**3 + 7*q + 59. Let b = 10 + -7. What is the remainder when o(b) is divided by 4?
3
Suppose -7*o = 2*o - 27. What is the remainder when 81 is divided by (-7)/((-3)/o*4/16)?
25
Let y be 24/42 - 4/7. Suppose -5*r = 3*j - y - 1, 0 = 2*r - j - 7. What is the remainder when r is divided by ((1 + 0)*2)/1?
0
Let c = 5 - 3. Let r = c + -5. What is the remainder when (14/r)/((-24)/36) is divided by 4?
3
Suppose -5*g = 4*l - 278, 3*l + 5*g - 222 = -11. What is the remainder when l/1 - 4 - 4 is divided by 15?
14
Let z be (-5)/((-20)/8 - 0). Suppose -280 = -z*y - 4*m, 4*m = 3*y - 387 - 3. Suppose 6*f = 4*f + y. Calculate the remainder when f is divided by 23.
21
Suppose -q - 48 = -44. Let y be 7*(4 - 1)/3. Let a = y - q. Calculate the remainder when 20 is divided by a.
9
Let a(z) = -17*z + 4. Let q be (-1)/(0 - (-2)/6). What is the remainder when a(q) is divided by (20 + 1)*(11 - 1/(9/87))?
27
Suppose 2 + 34 = 4*c - k, 0 = -5*k - 20. Suppose c*i - 88 = -24. What is the remainder when 20 is divided by i?
4
Suppose 0 = 3*g - 13 - 53. Suppose -4*z - g + 38 = 0. What is the remainder when 6 is divided by z?
2
Suppose 0 = -2*d + 4*l, d - 3*l = -1 - 1. Suppose 3*a + 0*a = d*t + 17, 5*a - t = 51. Calculate the remainder when 19 is divided by a.
8
Let j(m) be the first derivative of m**3/3 - 3*m**2/2 - 14*m - 2. Let b be (2/8)/(-7 + (-394)/(-56)). Calculate the remainder when j(b) is divided by 5.
4
Suppose 2*h - 22 = -3*p, -4*p + 0*h + 4*h = -56. Let w(r) = 2000*r - 13893. What is the remainder when w(7) is divided by p?
7
Suppose r = 2*o - 3*o + 230, 5*r = 5*o - 1130. Suppose -j - 4*l = -o, -l + 746 = 3*j + 84. What is the remainder when j is divided by 56?
52
Suppose 20*c - 256 = 12*c. Suppose -4*i + 35 = 3*d + i, -4*d - 3*i = -65. Let z = d - 9. What is the remainder when c is divided by z?
10
Let q = -51 - -12. What is the remainder when 102 is divided by (q/2)/(66/(-88))?
24
Suppose -4*j = 0, 13*j = -4*v + 10*j + 40. Calculate the remainder when 1*36 - (-2)/1 is divided by v.
8
Suppose -24 = -4*j + 4*k, -2*k - 60 = -5*j - 30. What is the remainder when 73 is divided by j?
1
Suppose 26*s - 31*s = 870. What is the remainder when (0 - -16)/(-5 - s/34) is divided by 35?
31
Let c(l) = l**3 - 21*l**2 + 7*l + 79. What is the remainder when c(22) is divided by 40?
37
Suppose -5*l - 3*d = 126, 0*l = 5*l - d + 138. Let f = l - -58. Let z = 566 + -555. What is the remainder when f is divided by z?
9
Let m(c) = 9*c - 23. Let g be m(3). Suppose -4*h + 36 = g*v + 12, 4*h + 8 = 0. Calculate the remainder when 6*5 - (1 - 1) is divided by v.
6
Let o(m) = -3*m**2 + 10*m - 1. Let k be o(3). Calculate the remainder when 141 is divided by (1*4/(-2))/(k/(-29)).
25
Suppose -183*g + 172*g + 462 = 0. Calculate the remainder when 347 is divided by g.
11
Suppose 20*i = 459 + 131 + 1250. Let y(q) = 32*q. Calculate the remainder when i is divided by y(1).
28
Suppose -3*z + 21 = y - 8, -5*z = -4*y + 133. Let w = -15 + y. What is the remainder when 32 is divided by w?
15
Suppose s = 4*s - 9. Suppose -p = 2*u + 5, -2*p = -p - 2*u - 3. Let t = s + p. What is the remainder when 7 is divided by t?
1
Let y = 203 - 181. What is the remainder when 212 is divided by y?
14
Let o(b) = b + 13 + b - b**2 - 6*b - 7*b. What is the remainder when o(-11) is divid